 is the highest common factor of 17 and v?
17
Suppose -6*c = -2*c + t - 107, -t - 136 = -5*c. Suppose s - 11 = -3*d, -3*d - 46*s = -42*s - 17. What is the highest common factor of d and c?
3
Let t(y) = y**3 - 6*y**2 + 5*y. Let u be t(6). Suppose -260 = 4*z - 17*z. Calculate the greatest common factor of u and z.
10
Suppose 18*w - 15 = 13*w. Suppose -4*p = -w*z - 48, -p = -2*z - 11 - 6. Calculate the highest common divisor of 9 and p.
9
Suppose 4*a + 4*a - 240 = 0. Let l(q) = q**3 + 5*q**2 + 2*q + 3. Let k be l(-3). Calculate the greatest common factor of k and a.
15
Let h(k) = 135*k**2 - k. Let w be h(1). Let x = w - -9. What is the highest common factor of 13 and x?
13
Suppose 2 = z, -5*a + 2*z = -581 - 0. Suppose -u + 4*o + 34 = 0, -4*o + 96 = 11*u - 7*u. Calculate the greatest common divisor of a and u.
13
Suppose h = 2 + 7. Suppose 5*x = 2*b + 12, 2*x + 6 = 4*x - 2*b. Suppose -5 - 67 = -x*k. Calculate the greatest common factor of k and h.
9
Suppose -87 = k - 4*k. Let g = -15 + k. What is the greatest common divisor of g and 21?
7
Let y(c) = 3*c - 21. Suppose -3*f + 7 = -2. Let r be 2 + 1 + 21/f. Let t be y(r). Calculate the highest common divisor of 36 and t.
9
Let y be (-48)/(-10) + 7/35. Suppose -y*a + 6 = -59. Calculate the greatest common factor of 52 and a.
13
Let x = -290 - -485. Suppose 0 = s + 63 - x. What is the highest common factor of s and 22?
22
Suppose 19*y + 1213 = 8053. Calculate the highest common divisor of 9 and y.
9
Suppose 26*h + 24 = 24*h. Let n = h + 36. Calculate the highest common factor of n and 264.
24
Suppose -2*l + 55 - 41 = 0. What is the highest common factor of 371 and l?
7
Suppose 2*a - 100 = 8. What is the highest common divisor of 972 and a?
54
Let a(t) = -3*t**3 + 90*t**2 + 3*t - 60. Let o be a(30). Suppose -7*c + 5*c = -90. What is the greatest common divisor of o and c?
15
Suppose -3*x - 3*x = -474. Let z = x - 55. Suppose 0 = 2*p + 3*p, -4*f = 2*p - 240. Calculate the highest common divisor of f and z.
12
Let i be (-267)/(-9)*2 - (-3)/(-9). Suppose -2*b = -i - 67. Calculate the greatest common factor of 18 and b.
9
Let k be (-3)/((-4)/28*(-7)/(-6)). Let j be -2 + 40/k + 1284/54. What is the greatest common divisor of j and 36?
12
Let q = 193 - 88. Let p = q + -37. What is the greatest common divisor of 17 and p?
17
Let k(s) = -s**2 + 3*s - 3. Let j be k(4). Let i be (j + 4)*(-140)/6. Calculate the highest common divisor of i and 10.
10
Suppose -11*k + 239 = -311. What is the highest common divisor of 40 and k?
10
Let r(f) = 4*f**3 - 3*f**2 - 3*f - 1. Let o be r(3). Let n = o - 39. What is the greatest common divisor of 16 and n?
16
Suppose 0 = -4*h - 6*c + 2*c + 184, -84 = -2*h + 2*c. Suppose -3*p + 2*w + 23 = -4, 5*w - 26 = -p. Calculate the highest common divisor of h and p.
11
Let m = 21 - 20. Let z be (1 - (4 + 7))*m. Let w = 22 + z. What is the highest common factor of w and 4?
4
Let q = 582 - 512. What is the greatest common divisor of q and 280?
70
Let b(l) = l**3 + 7*l**2 - 15*l + 21. Let n be b(-9). Let p = n + 22. Calculate the greatest common factor of p and 8.
8
Let f = -866 - -878. Calculate the highest common divisor of 78 and f.
6
Let f be ((-9)/2 - -4) + 804/8. What is the highest common divisor of f and 900?
100
Suppose 0 = 6*t - 2*t - 64. Let b = 57 - -27. Suppose 2*d + 52 + 4 = k, k + 5*d = b. What is the highest common factor of k and t?
16
Let r(b) = -3*b - 1. Let i be r(-1). Let v(t) = t**3 - 6*t**2 + 2. Let p be v(6). Suppose -p = -u + 3. What is the highest common divisor of u and i?
1
Suppose 0 = 5*j - 3*c - 34, -4*c = -j + 4*j - 3. Suppose -27 = j*i - 112. Suppose -3 - i = -m. What is the highest common divisor of m and 20?
20
Suppose 572 - 122 = 45*i. Suppose -5*a - 4075 = -5*x, 0*x - 2*x + 1621 = a. Let g be (-4)/18 + x/9. Calculate the greatest common divisor of g and i.
10
Let u = 974 + -613. What is the greatest common factor of u and 19?
19
Let b = 225 + -99. Suppose 0 = 177*s - 172*s - 70. Calculate the highest common factor of s and b.
14
Let s = 37 - 28. Let d be s*6/10 + 6/(-15). Calculate the greatest common factor of 25 and d.
5
Suppose -293*i + 117 = p - 292*i, 5*i = -p + 105. What is the greatest common divisor of 225 and p?
15
Let g be 120/(-90) - 388/(-3). What is the highest common factor of g and 8?
8
Suppose -m = -2 - 21. Let g = m + -16. Suppose 0 = 4*k - 40 - 16. What is the highest common factor of g and k?
7
Let j(g) = -g**2 - 12*g - 11. Let t be j(-12). Let y = t + 18. Let h = 2 - -12. What is the greatest common divisor of y and h?
7
Let b be 18*(4/6 - 4/3). Let t be 1/2 + 6/(b/(-35)). Calculate the greatest common divisor of t and 162.
18
Let x(t) be the second derivative of t**4/12 + t**3/6 - 33*t**2/2 + 2*t. Let c be x(10). Calculate the highest common divisor of 11 and c.
11
Suppose 0 = -3*i + 8*i + 465. Let f = i - -132. Suppose 4*g - f = g. Calculate the highest common divisor of g and 13.
13
Suppose f = 3*j + 2*f - 206, 5*j + 2*f = 342. What is the highest common factor of 630 and j?
70
Let p(c) = 5*c**2 - 15*c + 10. Let f be p(7). Let n = f - 107. What is the greatest common divisor of n and 43?
43
Let q be ((-70)/42)/(2/6). Let p(v) = -v**2 - 5*v + 1. Let s be p(q). Suppose 3*m - s = 2. What is the highest common divisor of 3 and m?
1
Let q(i) be the third derivative of 5*i**4/24 + 8*i**3/3 + 21*i**2. Let o be q(0). Calculate the greatest common factor of o and 80.
16
Let o be (-3)/(-3) - (-147 + -2). Suppose -58 = -4*x + o. Suppose x = 2*z + 12. Calculate the greatest common divisor of z and 2.
2
Let r(p) = p + 33. Suppose -s = 2*s + i - 3, 5*s = -3*i + 9. Let x be r(s). What is the highest common divisor of 66 and x?
33
Suppose -5*b + 44 = -b. Let n = -1361 - -1394. Calculate the greatest common divisor of b and n.
11
Let x = 30 + -25. Suppose 0*c = x*g + 4*c - 38, -5*c + 40 = 5*g. Let t = -120 + 174. Calculate the highest common factor of g and t.
6
Suppose 4*i + 2*r - 124 = 0, i - 14 = 2*r + 22. Suppose 7*s - 126 = 434. Calculate the highest common factor of s and i.
16
Let q(f) = f**3 + 2*f**2 - 3*f. Let i be q(2). Let j = 172 - 167. Calculate the greatest common divisor of i and j.
5
Let d = -281 - -289. What is the greatest common factor of d and 8?
8
Let b = -9 - -9. Suppose b = 4*i - 98 - 318. Calculate the highest common factor of i and 13.
13
Let r(g) = 8 - 5*g + 3*g - g + g. Let x be r(-5). Suppose w + 0*w - x = 0. Calculate the greatest common divisor of 45 and w.
9
Let x = 226 - 149. Let z(q) = -q**2 + q + 7. Let c = 25 - 25. Let y be z(c). What is the highest common divisor of x and y?
7
Let h be 3/((-48)/(-116))*(1 + 3). Calculate the greatest common divisor of h and 29.
29
Let o be (-5)/15 - 7210/(-30). What is the greatest common divisor of 64 and o?
16
Let j(z) = z**2 - 4*z + 39. Let i be j(-15). What is the greatest common divisor of i and 12?
12
Suppose -p = -5*i - 45, 28 + 237 = 5*p - 5*i. Let t be 1*-6*(-13)/(-3). Let h = 37 + t. What is the greatest common divisor of p and h?
11
Let w be 3 + -3 - -1*55. Let h = 24 + -23. Suppose m + h - 6 = 0. What is the greatest common factor of m and w?
5
Let a = 9 + -18. Let q be (-56)/a - (-4)/(-18). Let u be (-14)/(-6) + (-4)/12. Calculate the greatest common divisor of u and q.
2
Let a = -238 - -345. Let b be (-1)/(-4 - 786/(-198)). Suppose a + b = u. What is the highest common factor of u and 20?
20
Suppose -5*p + 102 - 32 = 0. Let q(o) = -o**3 + 10*o**2 - 8*o - 4. Let t be q(9). Let y be 8/(-4)*(t - 12). Calculate the greatest common factor of y and p.
14
Let t = 294 + -261. What is the greatest common divisor of 363 and t?
33
Suppose -3*y - 3*q = -45, 4*y = 6*q - 8*q + 52. What is the highest common factor of 165 and y?
11
Suppose -169*j + 173*j + 200 = 0. Let i = j - -76. What is the highest common divisor of 13 and i?
13
Suppose -21*y + 8 = -17*y. Suppose 2*f = y*s + 502, f + s - 253 = -0*s. Calculate the highest common factor of f and 14.
14
Let b = 66 - 64. Suppose -q + b*q = 4. Calculate the greatest common divisor of q and 4.
4
Let b = 108 + -67. Suppose -5*h - p = 121, -2*h - 8*p + 3*p - 53 = 0. Let a = b + h. Calculate the highest common divisor of 136 and a.
17
Suppose -x = -4*v - 182, -2*x = 3*v - 4*v - 343. Calculate the highest common factor of 136 and x.
34